{"id":133,"date":"2016-01-14T07:29:17","date_gmt":"2016-01-14T07:29:17","guid":{"rendered":"http:\/\/demos.artbees.net\/jupiter5\/fortuna\/?page_id=5"},"modified":"2023-12-19T09:36:44","modified_gmt":"2023-12-19T12:36:44","slug":"home-2","status":"publish","type":"page","link":"https:\/\/igm.gub.uy\/geoportal\/","title":{"rendered":"Home"},"content":{"rendered":"[vc_row fullwidth=\u00bbtrue\u00bb fullwidth_content=\u00bbfalse\u00bb css=\u00bb.vc_custom_1452764991530{background-color: #fbfbfb !important;}\u00bb]\n[vc_column]\n[vc_row_inner attached=\u00bbtrue\u00bb]\n[vc_column_inner width=\u00bb1\/2&#8243;]\n[mk_custom_box padding_vertical=\u00bb40&#8243; padding_horizental=\u00bb40&#8243; margin_bottom=\u00bb0&#8243; min_height=\u00bb430&#8243; bg_color=\u00bb#ffffff\u00bb]\n[mk_padding_divider size=\u00bb30&#8243;]\n[vc_wp_search]\n[mk_fancy_title color=\u00bb#222222&#8243; size=\u00bb20&#8243; font_weight=\u00bbbold\u00bb txt_transform=\u00bbuppercase\u00bb letter_spacing=\u00bb2&#8243; margin_bottom=\u00bb0&#8243; font_family=\u00bbnone\u00bb align=\u00bbcenter\u00bb]VISUALIZADOR DE MAPAS<br \/>\n[\/mk_fancy_title]\n[vc_column_text disable_pattern=\u00bbfalse\u00bb align=\u00bbcenter\u00bb]\nIGM pone a su disposici\u00f3n un visualizador de mapas, que permite mostrar datos geogr\u00e1ficos digitales organizados en capas, modificar escala de visualizaci\u00f3n, superponer capas de informaci\u00f3n, hacer consultas, ver metadatos, agregar puntos de inter\u00e9s, descargar el mapa realizado, etc.<br \/>\n[\/vc_column_text]\n[vc_column_inner width=\u00bb1\/2&#8243; ]\n<a href=\"..\/geoportal\/visualizador\/\"> LEER M\u00c1S <\/a><\/p>\n[\/mk_custom_box][\/vc_column_inner][vc_column_inner width=\u00bb1\/2&#8243;][mk_custom_box padding_vertical=\u00bb80&#8243; padding_horizental=\u00bb80&#8243; margin_bottom=\u00bb0&#8243; min_height=\u00bb430&#8243; bg_image=\u00bb..\/geoportal\/\/wp-content\/uploads\/2016\/01\/image1.jpg\u00bb bg_stretch=\u00bbtrue\u00bb][\/mk_custom_box][\/vc_column_inner][\/vc_row_inner][vc_row_inner attached=\u00bbtrue\u00bb][vc_column_inner width=\u00bb1\/2&#8243;][mk_custom_box padding_vertical=\u00bb80&#8243; padding_horizental=\u00bb80&#8243; margin_bottom=\u00bb0&#8243; min_height=\u00bb430&#8243; bg_image=\u00bb..\/geoportal\/wp-content\/uploads\/2016\/01\/catologo-de-metadatos.jpg\u00bb bg_stretch=\u00bbtrue\u00bb][\/mk_custom_box][\/vc_column_inner][vc_column_inner width=\u00bb1\/2&#8243;][mk_custom_box padding_vertical=\u00bb40&#8243; padding_horizental=\u00bb40&#8243; margin_bottom=\u00bb0&#8243; min_height=\u00bb430&#8243; bg_color=\u00bb#ffffff\u00bb][mk_padding_divider size=\u00bb30&#8243;][mk_fancy_title color=\u00bb#222222&#8243; size=\u00bb20&#8243; font_weight=\u00bbbold\u00bb txt_transform=\u00bbuppercase\u00bb letter_spacing=\u00bb2&#8243; margin_bottom=\u00bb0&#8243; font_family=\u00bbnone\u00bb align=\u00bbcenter\u00bb]CAT\u00c1LAGO DE METADATOS[\/mk_fancy_title][vc_column_text disable_pattern=\u00bbfalse\u00bb align=\u00bbcenter\u00bb]Acceso a los metadatos de datos y servicios del IGM, que incluye informaci\u00f3n bibliogr\u00e1fica de Mapoteca. Los metadatos informan a los usuarios las caracter\u00edsticas de los datos, lo que \u201crepresentan\u201d y \u201ccomo lo representa\u201d para llevar a la utilizaci\u00f3n correcta de los datos geogr\u00e1ficos.[\/vc_column_text]\n[vc_column_inner width=\u00bb1\/2&#8243; ]\n<a href=\"..\/geoportal\/metadatos\/\"> LEER M\u00c1S <\/a><\/p>\n[\/mk_custom_box][\/vc_column_inner][\/vc_row_inner][vc_row_inner attached=\u00bbtrue\u00bb][vc_column_inner width=\u00bb1\/2&#8243;][mk_custom_box padding_vertical=\u00bb40&#8243; padding_horizental=\u00bb40&#8243; margin_bottom=\u00bb0&#8243; min_height=\u00bb430&#8243; bg_color=\u00bb#ffffff\u00bb][mk_padding_divider size=\u00bb30&#8243;][mk_fancy_title color=\u00bb#222222&#8243; size=\u00bb20&#8243; font_weight=\u00bbbold\u00bb txt_transform=\u00bbuppercase\u00bb letter_spacing=\u00bb2&#8243; margin_bottom=\u00bb0&#8243; font_family=\u00bbnone\u00bb align=\u00bbcenter\u00bb]ESTACIONES DE REFERENCIA[\/mk_fancy_title][vc_column_text disable_pattern=\u00bbfalse\u00bb align=\u00bbcenter\u00bb]IGM pone a su disposici\u00f3n un visualizador de mapas, que permite mostrar datos geogr\u00e1ficos digitales organizados en capas, modificar escala de visualizaci\u00f3n, superponer capas de informaci\u00f3n, hacer consultas, ver metadatos, agregar puntos de inter\u00e9s, descargar el mapa realizado, etc.[\/vc_column_text]\n[vc_column_inner width=\u00bb1\/2&#8243; ]\n<a href=\"..\/geoportal\/estaciones-3\/\"> LEER M\u00c1S <\/a><\/p>\n[\/mk_custom_box][\/vc_column_inner][vc_column_inner width=\u00bb1\/2&#8243;][mk_custom_box padding_vertical=\u00bb80&#8243; padding_horizental=\u00bb80&#8243; margin_bottom=\u00bb0&#8243; min_height=\u00bb430&#8243; bg_image=\u00bb..\/geoportal\/wp-content\/uploads\/2016\/01\/estaciones-de-referencia.jpg\u00bb bg_stretch=\u00bbtrue\u00bb][\/mk_custom_box][\/vc_column_inner][\/vc_row_inner][vc_row_inner attached=\u00bbtrue\u00bb][vc_column_inner width=\u00bb1\/2&#8243;][mk_custom_box padding_vertical=\u00bb80&#8243; padding_horizental=\u00bb80&#8243; margin_bottom=\u00bb0&#8243; min_height=\u00bb430&#8243; bg_image=\u00bb..\/geoportal\/wp-content\/uploads\/2016\/01\/geo-servicios.jpg\u00bb bg_stretch=\u00bbtrue\u00bb][\/mk_custom_box][\/vc_column_inner][vc_column_inner width=\u00bb1\/2&#8243;][mk_custom_box padding_vertical=\u00bb40&#8243; padding_horizental=\u00bb40&#8243; margin_bottom=\u00bb0&#8243; min_height=\u00bb430&#8243; bg_color=\u00bb#ffffff\u00bb][mk_padding_divider size=\u00bb30&#8243;][mk_fancy_title color=\u00bb#222222&#8243; size=\u00bb20&#8243; font_weight=\u00bbbold\u00bb txt_transform=\u00bbuppercase\u00bb letter_spacing=\u00bb2&#8243; margin_bottom=\u00bb0&#8243; font_family=\u00bbnone\u00bb align=\u00bbcenter\u00bb]GEO SERVICIOS[\/mk_fancy_title][vc_column_text disable_pattern=\u00bbfalse\u00bb align=\u00bbcenter\u00bb]Acceso a los metadatos de datos y servicios del IGM, que incluye informaci\u00f3n bibliogr\u00e1fica de Mapoteca. Los Metadatos\u00a0\u00a0 informan a los usuarios las caracter\u00edsticas de los datos, lo que \u201crepresentan\u201d y \u201ccomo lo representa\u201d para llevar a la utilizaci\u00f3n correcta de los datos geogr\u00e1ficos.[\/vc_column_text]\n[vc_column_inner width=\u00bb1\/2&#8243; ]\n<a href=\"..\/geoportal\/geo-servicios\/\"> LEER M\u00c1S <\/a><\/p>\n[\/mk_custom_box][\/vc_column_inner][\/vc_row_inner][\/vc_column][\/vc_row][vc_row][vc_column][\/vc_column][\/vc_row][vc_row][vc_column][\/vc_column][\/vc_row]\n","protected":false},"excerpt":{"rendered":"<p>[vc_row fullwidth=\u00bbtrue\u00bb fullwidth_content=\u00bbfalse\u00bb css=\u00bb.vc_custom_1452764991530{background-color: #fbfbfb !important;}\u00bb] [vc_column] [vc_row_inner attached=\u00bbtrue\u00bb] [vc_column_inner width=\u00bb1\/2&#8243;] [mk_custom_box padding_vertical=\u00bb40&#8243; padding_horizental=\u00bb40&#8243; margin_bottom=\u00bb0&#8243; min_height=\u00bb430&#8243; bg_color=\u00bb#ffffff\u00bb] [mk_padding_divider size=\u00bb30&#8243;] [vc_wp_search] [mk_fancy_title color=\u00bb#222222&#8243; size=\u00bb20&#8243; font_weight=\u00bbbold\u00bb txt_transform=\u00bbuppercase\u00bb letter_spacing=\u00bb2&#8243; margin_bottom=\u00bb0&#8243; font_family=\u00bbnone\u00bb align=\u00bbcenter\u00bb]VISUALIZADOR DE MAPAS [\/mk_fancy_title] [vc_column_text disable_pattern=\u00bbfalse\u00bb align=\u00bbcenter\u00bb] IGM pone a su disposici\u00f3n un visualizador de mapas, que permite mostrar datos geogr\u00e1ficos digitales organizados en capas, modificar escala [&hellip;]<\/p>\n","protected":false},"author":5,"featured_media":0,"parent":0,"menu_order":0,"comment_status":"closed","ping_status":"closed","template":"","meta":{"footnotes":""},"class_list":["post-133","page","type-page","status-publish","hentry"],"_links":{"self":[{"href":"https:\/\/igm.gub.uy\/geoportal\/wp-json\/wp\/v2\/pages\/133","targetHints":{"allow":["GET"]}}],"collection":[{"href":"https:\/\/igm.gub.uy\/geoportal\/wp-json\/wp\/v2\/pages"}],"about":[{"href":"https:\/\/igm.gub.uy\/geoportal\/wp-json\/wp\/v2\/types\/page"}],"author":[{"embeddable":true,"href":"https:\/\/igm.gub.uy\/geoportal\/wp-json\/wp\/v2\/users\/5"}],"replies":[{"embeddable":true,"href":"https:\/\/igm.gub.uy\/geoportal\/wp-json\/wp\/v2\/comments?post=133"}],"version-history":[{"count":85,"href":"https:\/\/igm.gub.uy\/geoportal\/wp-json\/wp\/v2\/pages\/133\/revisions"}],"predecessor-version":[{"id":2217,"href":"https:\/\/igm.gub.uy\/geoportal\/wp-json\/wp\/v2\/pages\/133\/revisions\/2217"}],"wp:attachment":[{"href":"https:\/\/igm.gub.uy\/geoportal\/wp-json\/wp\/v2\/media?parent=133"}],"curies":[{"name":"wp","href":"https:\/\/api.w.org\/{rel}","templated":true}]}}