{"id":272,"date":"2017-02-14T20:30:32","date_gmt":"2017-02-14T20:30:32","guid":{"rendered":"http:\/\/www.sgm.gub.uy\/geoportal\/\/?page_id=272"},"modified":"2021-08-24T08:18:38","modified_gmt":"2021-08-24T11:18:38","slug":"codigos-departamentos","status":"publish","type":"page","link":"https:\/\/igm.gub.uy\/geoportal\/codigos-departamentos\/","title":{"rendered":"C\u00f3digos de Departamentos"},"content":{"rendered":"[mk_page_section bg_color=\u00bb#82970d\u00bb bg_repeat=\u00bbno-repeat\u00bb bg_stretch=\u00bbtrue\u00bb video_loop=\u00bbfalse\u00bb video_color_mask=\u00bb#ffffff\u00bb video_opacity=\u00bb0&#8243; min_height=\u00bb70&#8243; padding_top=\u00bb0&#8243; padding_bottom=\u00bb0&#8243; top_shape_color=\u00bb#ffffff\u00bb top_shape_bg_color=\u00bb#ffffff\u00bb has_bottom_shape_divider=\u00bbtrue\u00bb bottom_shape_style=\u00bbspeech-bottom\u00bb bottom_shape_color=\u00bb#ffffff\u00bb bottom_shape_bg_color=\u00bb#82970d\u00bb sidebar=\u00bbsidebar-1&#8243;][vc_column width=\u00bb2\/12&#8243;][\/vc_column][vc_column width=\u00bb8\/12&#8243;][\/vc_column][vc_column width=\u00bb2\/12&#8243;][\/vc_column][\/mk_page_section][mk_page_section bg_position=\u00bbcenter top\u00bb bg_repeat=\u00bbno-repeat\u00bb bg_stretch=\u00bbtrue\u00bb video_color_mask=\u00bb#ffffff\u00bb min_height=\u00bb280&#8243; padding_top=\u00bb0&#8243; padding_bottom=\u00bb0&#8243; top_shape_color=\u00bb#ffffff\u00bb has_bottom_shape_divider=\u00bbtrue\u00bb bottom_shape_style=\u00bbspeech-bottom\u00bb bottom_shape_color=\u00bb#ffffff\u00bb sidebar=\u00bbsidebar-1&#8243;][vc_column][mk_padding_divider][vc_column_text]\n<h2>C\u00f3digos de Departamentos<\/h2>\n[\/vc_column_text][vc_separator color=\u00bbcustom\u00bb border_width=\u00bb2&#8243; accent_color=\u00bb#82970d\u00bb][vc_column_text]La normas ISO 3166-1 e ISO 3166-2 establecen los siguientes criterios:<\/p>\n<ul>\n<li>Los primeros dos caracteres son los elementos del c\u00f3digo del pa\u00eds, Alpha-2. En el caso de nuestro pa\u00eds el c\u00f3digo Alpha-2 es \u201cUY\u201d<\/li>\n<li>Seis d\u00edgitos es la m\u00e1xima cantidad de caracteres que un c\u00f3digo debe tener, siendo opcional la inclusi\u00f3n de un gui\u00f3n separador del c\u00f3digo alpha-2 del pa\u00eds ante el c\u00f3digo de la subdivisi\u00f3n.<\/li>\n<li>El c\u00f3digo que representa a las subdivisiones de los pa\u00edses debe ser de dos o tres d\u00edgitos.<\/li>\n<li>Si el nombre de un departamento, estado o provincia es de una sola palabra este se codificar\u00e1 tomando las dos primeras letras de la palabra (Ej: El departamento de Montevideo se codifica: UY-MO o bien UYMO).<\/li>\n<li>Si el nombre de una ciudad esta compuesto por dos palabras, se toma la primera letra de cada palabra, (ejemplo: la ciudad de Bella Uni\u00f3n es representada por los caracteres BU, El Pinar por EP, San Jos\u00e9 por SJ)<\/li>\n<\/ul>\n[\/vc_column_text][mk_padding_divider size=\u00bb20&#8243;][vc_row_inner][vc_column_inner width=\u00bb1\/2&#8243;][vc_table vc_table_theme=\u00bbclassic_green\u00bb]Departamento,C%C3%B3digo|Artigas,UYAR|Canelones,UYCA|Cerro%20Largo,UYCL|Colonia,UYCO|Durazno,UYDU|Flores,UYFS|Florida,UYFD|Lavalleja,UYLA|Maldonado,UYMA|Montevideo,UYMO[\/vc_table][\/vc_column_inner][vc_column_inner width=\u00bb1\/2&#8243;][vc_table vc_table_theme=\u00bbclassic_green\u00bb]Departamento,C%C3%B3digo|Paysandu,UYPA|R%C3%ADo%20Negro,UYRN|Rivera,UYRV|ROCHA,UYRO|Salto,UYSA|San%20Jos%C3%A9,UYSJ|Soriano,UYSO|Tacuaremb%C3%B3,UYTA|Treinta%20y%20Tres,UYTT[\/vc_table][\/vc_column_inner][\/vc_row_inner][\/vc_column][\/mk_page_section][vc_row][vc_column][mk_padding_divider size=\u00bb20&#8243;][\/vc_column][\/vc_row]\n","protected":false},"excerpt":{"rendered":"<p>[mk_page_section bg_color=\u00bb#82970d\u00bb bg_repeat=\u00bbno-repeat\u00bb bg_stretch=\u00bbtrue\u00bb video_loop=\u00bbfalse\u00bb video_color_mask=\u00bb#ffffff\u00bb video_opacity=\u00bb0&#8243; min_height=\u00bb70&#8243; padding_top=\u00bb0&#8243; padding_bottom=\u00bb0&#8243; top_shape_color=\u00bb#ffffff\u00bb top_shape_bg_color=\u00bb#ffffff\u00bb has_bottom_shape_divider=\u00bbtrue\u00bb bottom_shape_style=\u00bbspeech-bottom\u00bb bottom_shape_color=\u00bb#ffffff\u00bb bottom_shape_bg_color=\u00bb#82970d\u00bb sidebar=\u00bbsidebar-1&#8243;][vc_column width=\u00bb2\/12&#8243;][\/vc_column][vc_column width=\u00bb8\/12&#8243;][\/vc_column][vc_column width=\u00bb2\/12&#8243;][\/vc_column][\/mk_page_section][mk_page_section bg_position=\u00bbcenter top\u00bb bg_repeat=\u00bbno-repeat\u00bb bg_stretch=\u00bbtrue\u00bb video_color_mask=\u00bb#ffffff\u00bb min_height=\u00bb280&#8243; padding_top=\u00bb0&#8243; padding_bottom=\u00bb0&#8243; top_shape_color=\u00bb#ffffff\u00bb has_bottom_shape_divider=\u00bbtrue\u00bb bottom_shape_style=\u00bbspeech-bottom\u00bb bottom_shape_color=\u00bb#ffffff\u00bb sidebar=\u00bbsidebar-1&#8243;][vc_column][mk_padding_divider][vc_column_text] C\u00f3digos de Departamentos [\/vc_column_text][vc_separator color=\u00bbcustom\u00bb border_width=\u00bb2&#8243; accent_color=\u00bb#82970d\u00bb][vc_column_text]La normas ISO 3166-1 e ISO 3166-2 establecen los siguientes criterios: Los primeros dos caracteres son [&hellip;]<\/p>\n","protected":false},"author":1,"featured_media":0,"parent":0,"menu_order":0,"comment_status":"closed","ping_status":"closed","template":"","meta":{"footnotes":""},"class_list":["post-272","page","type-page","status-publish","hentry"],"_links":{"self":[{"href":"https:\/\/igm.gub.uy\/geoportal\/wp-json\/wp\/v2\/pages\/272","targetHints":{"allow":["GET"]}}],"collection":[{"href":"https:\/\/igm.gub.uy\/geoportal\/wp-json\/wp\/v2\/pages"}],"about":[{"href":"https:\/\/igm.gub.uy\/geoportal\/wp-json\/wp\/v2\/types\/page"}],"author":[{"embeddable":true,"href":"https:\/\/igm.gub.uy\/geoportal\/wp-json\/wp\/v2\/users\/1"}],"replies":[{"embeddable":true,"href":"https:\/\/igm.gub.uy\/geoportal\/wp-json\/wp\/v2\/comments?post=272"}],"version-history":[{"count":8,"href":"https:\/\/igm.gub.uy\/geoportal\/wp-json\/wp\/v2\/pages\/272\/revisions"}],"predecessor-version":[{"id":1857,"href":"https:\/\/igm.gub.uy\/geoportal\/wp-json\/wp\/v2\/pages\/272\/revisions\/1857"}],"wp:attachment":[{"href":"https:\/\/igm.gub.uy\/geoportal\/wp-json\/wp\/v2\/media?parent=272"}],"curies":[{"name":"wp","href":"https:\/\/api.w.org\/{rel}","templated":true}]}}