{"id":278,"date":"2017-02-14T20:43:18","date_gmt":"2017-02-14T20:43:18","guid":{"rendered":"http:\/\/www.sgm.gub.uy\/geoportal\/\/?page_id=278"},"modified":"2021-11-04T08:37:56","modified_gmt":"2021-11-04T11:37:56","slug":"codigos-centros-poblados","status":"publish","type":"page","link":"https:\/\/igm.gub.uy\/geoportal\/codigos-centros-poblados\/","title":{"rendered":"C\u00f3digos de Centros Poblados"},"content":{"rendered":"[mk_page_section bg_color=\u00bb#82970d\u00bb bg_repeat=\u00bbno-repeat\u00bb bg_stretch=\u00bbtrue\u00bb video_loop=\u00bbfalse\u00bb video_color_mask=\u00bb#ffffff\u00bb video_opacity=\u00bb0&#8243; min_height=\u00bb70&#8243; padding_top=\u00bb0&#8243; padding_bottom=\u00bb0&#8243; top_shape_color=\u00bb#ffffff\u00bb top_shape_bg_color=\u00bb#ffffff\u00bb has_bottom_shape_divider=\u00bbtrue\u00bb bottom_shape_style=\u00bbspeech-bottom\u00bb bottom_shape_color=\u00bb#ffffff\u00bb bottom_shape_bg_color=\u00bb#82970d\u00bb sidebar=\u00bbsidebar-1&#8243;][vc_column width=\u00bb2\/12&#8243;][\/vc_column][vc_column width=\u00bb8\/12&#8243;][\/vc_column][vc_column width=\u00bb2\/12&#8243;][\/vc_column][\/mk_page_section][mk_page_section bg_position=\u00bbcenter top\u00bb bg_repeat=\u00bbno-repeat\u00bb bg_stretch=\u00bbtrue\u00bb video_color_mask=\u00bb#ffffff\u00bb min_height=\u00bb280&#8243; padding_top=\u00bb0&#8243; padding_bottom=\u00bb0&#8243; top_shape_color=\u00bb#ffffff\u00bb has_bottom_shape_divider=\u00bbtrue\u00bb bottom_shape_style=\u00bbspeech-bottom\u00bb bottom_shape_color=\u00bb#ffffff\u00bb sidebar=\u00bbsidebar-1&#8243;][vc_column][mk_padding_divider][vc_column_text]\n<h2>Conceptos sobre Geoservicios<\/h2>\n[\/vc_column_text][vc_separator color=\u00bbcustom\u00bb border_width=\u00bb2&#8243; accent_color=\u00bb#82970d\u00bb][vc_column_text]\n<p>Codificaci\u00f3n de Centros Poblados y Localidades Censales (\u00e9stas \u00faltimas definidas por el Instituto Nacional de Estad\u00edstica) realizada tomando en cuenta los criterios espec\u00edficos elaborados por el Instituto Geogr\u00e1fico Militar para tal fin y que tienen como base la norma ISO 3166-2<\/p>\n<p>C\u00d3DIGO DEL PA\u00cdS \u2013 C\u00d3DIGO DEL DEPARTAMENTO \u2013 C\u00d3DIGO del Centro Poblado o Localidad Censal<\/p>\n<p>Notas:<\/p>\n<ul>\n<li>El gui\u00f3n es de uso opcional.<\/li>\n<li>El c\u00f3digo de Uruguay es UY.<\/li>\n<li>El c\u00f3digo del Centro Poblado o Localidad Censal deber\u00e1 siempre ir acompa\u00f1ado del c\u00f3digo del Departamento, ya que existen Localidades o Centros Poblados de distinto Departamento que tienen igual denominaci\u00f3n y por lo tanto el mismo c\u00f3digo.<\/li>\n<\/ul>\n<p>Criterios SCCN (Standard Codification of City Names) para abreviaci\u00f3n de nombres y codificaic\u00f3n de Centros Poblados: <a href=\"..\/wp-content\/uploads\/2021\/10\/criterios-para-la-codificacion-de-los-nombres-de-los-centros-poblados-del-uruguay.doc\">cliquear aqu\u00ed<\/a><\/p>\n<p>Descargar listado de c\u00f3digos de centros poblados en formato excel: <a href=\"..\/wp-content\/uploads\/2021\/10\/tabla-de-localidades-censales-ano-2011.xls\">cliquear aqu\u00ed<\/a><\/p>\n[\/vc_column_text][vc_column width=\u00bb2\/12&#8243;][\/vc_column][\/vc_column][\/mk_page_section][vc_row][vc_column][mk_padding_divider size=\u00bb20&#8243;][\/vc_column][\/vc_row]\n","protected":false},"excerpt":{"rendered":"<p>[mk_page_section bg_color=\u00bb#82970d\u00bb bg_repeat=\u00bbno-repeat\u00bb bg_stretch=\u00bbtrue\u00bb video_loop=\u00bbfalse\u00bb video_color_mask=\u00bb#ffffff\u00bb video_opacity=\u00bb0&#8243; min_height=\u00bb70&#8243; padding_top=\u00bb0&#8243; padding_bottom=\u00bb0&#8243; top_shape_color=\u00bb#ffffff\u00bb top_shape_bg_color=\u00bb#ffffff\u00bb has_bottom_shape_divider=\u00bbtrue\u00bb bottom_shape_style=\u00bbspeech-bottom\u00bb bottom_shape_color=\u00bb#ffffff\u00bb bottom_shape_bg_color=\u00bb#82970d\u00bb sidebar=\u00bbsidebar-1&#8243;][vc_column width=\u00bb2\/12&#8243;][\/vc_column][vc_column width=\u00bb8\/12&#8243;][\/vc_column][vc_column width=\u00bb2\/12&#8243;][\/vc_column][\/mk_page_section][mk_page_section bg_position=\u00bbcenter top\u00bb bg_repeat=\u00bbno-repeat\u00bb bg_stretch=\u00bbtrue\u00bb video_color_mask=\u00bb#ffffff\u00bb min_height=\u00bb280&#8243; padding_top=\u00bb0&#8243; padding_bottom=\u00bb0&#8243; top_shape_color=\u00bb#ffffff\u00bb has_bottom_shape_divider=\u00bbtrue\u00bb bottom_shape_style=\u00bbspeech-bottom\u00bb bottom_shape_color=\u00bb#ffffff\u00bb sidebar=\u00bbsidebar-1&#8243;][vc_column][mk_padding_divider][vc_column_text] Conceptos sobre Geoservicios [\/vc_column_text][vc_separator color=\u00bbcustom\u00bb border_width=\u00bb2&#8243; accent_color=\u00bb#82970d\u00bb][vc_column_text] Codificaci\u00f3n de Centros Poblados y Localidades Censales (\u00e9stas \u00faltimas definidas por el Instituto Nacional de [&hellip;]<\/p>\n","protected":false},"author":1,"featured_media":0,"parent":0,"menu_order":0,"comment_status":"closed","ping_status":"closed","template":"","meta":{"footnotes":""},"class_list":["post-278","page","type-page","status-publish","hentry"],"_links":{"self":[{"href":"https:\/\/igm.gub.uy\/geoportal\/wp-json\/wp\/v2\/pages\/278","targetHints":{"allow":["GET"]}}],"collection":[{"href":"https:\/\/igm.gub.uy\/geoportal\/wp-json\/wp\/v2\/pages"}],"about":[{"href":"https:\/\/igm.gub.uy\/geoportal\/wp-json\/wp\/v2\/types\/page"}],"author":[{"embeddable":true,"href":"https:\/\/igm.gub.uy\/geoportal\/wp-json\/wp\/v2\/users\/1"}],"replies":[{"embeddable":true,"href":"https:\/\/igm.gub.uy\/geoportal\/wp-json\/wp\/v2\/comments?post=278"}],"version-history":[{"count":13,"href":"https:\/\/igm.gub.uy\/geoportal\/wp-json\/wp\/v2\/pages\/278\/revisions"}],"predecessor-version":[{"id":1930,"href":"https:\/\/igm.gub.uy\/geoportal\/wp-json\/wp\/v2\/pages\/278\/revisions\/1930"}],"wp:attachment":[{"href":"https:\/\/igm.gub.uy\/geoportal\/wp-json\/wp\/v2\/media?parent=278"}],"curies":[{"name":"wp","href":"https:\/\/api.w.org\/{rel}","templated":true}]}}