{"id":392,"date":"2017-02-15T19:20:48","date_gmt":"2017-02-15T19:20:48","guid":{"rendered":"http:\/\/www.sgm.gub.uy\/geoportal\/\/?page_id=392"},"modified":"2020-03-06T10:27:41","modified_gmt":"2020-03-06T13:27:41","slug":"preguntas-frecuentes","status":"publish","type":"page","link":"https:\/\/igm.gub.uy\/geoportal\/preguntas-frecuentes\/","title":{"rendered":"Preguntas frecuentes"},"content":{"rendered":"[mk_page_section bg_color=\u00bb#82970d\u00bb bg_repeat=\u00bbno-repeat\u00bb bg_stretch=\u00bbtrue\u00bb video_loop=\u00bbfalse\u00bb video_color_mask=\u00bb#ffffff\u00bb video_opacity=\u00bb0&#8243; min_height=\u00bb70&#8243; padding_top=\u00bb0&#8243; padding_bottom=\u00bb0&#8243; top_shape_color=\u00bb#ffffff\u00bb top_shape_bg_color=\u00bb#ffffff\u00bb has_bottom_shape_divider=\u00bbtrue\u00bb bottom_shape_style=\u00bbspeech-bottom\u00bb bottom_shape_color=\u00bb#ffffff\u00bb bottom_shape_bg_color=\u00bb#82970d\u00bb sidebar=\u00bbsidebar-1&#8243;][vc_column][\/vc_column][\/mk_page_section][mk_page_section sidebar=\u00bbsidebar-1&#8243;][vc_column][mk_padding_divider size=\u00bb20&#8243;][vc_column_text]\n<h2>Preguntas frecuentes<\/h2>\n[\/vc_column_text][vc_separator color=\u00bbcustom\u00bb border_width=\u00bb2&#8243; accent_color=\u00bb#82970d\u00bb][mk_padding_divider size=\u00bb10&#8243;][vc_tta_accordion style=\u00bbflat\u00bb shape=\u00bbsquare\u00bb gap=\u00bb5&#8243; active_section=\u00bb9&#8243; no_fill=\u00bbtrue\u00bb collapsible_all=\u00bbtrue\u00bb][vc_tta_section title=\u00bbEstoy buscando un archivo RINEX y no aparece en el listado de descarga.\u00bb tab_id=\u00bbpregunta1&#8243;][vc_column_text]Motivos por los cu\u00e1les no se haya publicado un archivo.<\/p>\n<p>Corte energ\u00e9tico en la Estaci\u00f3n de inter\u00e9s.<br \/>\nInconvenientes con el servicio de Internet en la Estaci\u00f3n de inter\u00e9s o en el servidor REGNA-ROU.<\/p>\n<p>En el caso del corte energ\u00e9tico prolongado, el problema resulta insalvable.<\/p>\n<p>En cuanto al corte del servicio de Internet, simplemente, puede ocurrir que se demore en la publicaci\u00f3n de datos GNSS, pero esto no implica la inexistencia de los datos registrados. En cuanto el servicio vuelve a la normalidad, se cargan los archivos RINEX al servidor.<\/p>\n<p>Ante cualquier duda contactarse con <a href=\"mailto:informatica@1gm.gub.uy\"> informatica@igm.gub.uy <\/a>[\/vc_column_text][\/vc_tta_section][vc_tta_section title=\u00bb\u00bfPor qu\u00e9 cuando quiero descargar un archivo con intervalo de un segundo, se publican 24 archivos distintos?\u00bb tab_id=\u00bbpregunta2&#8243;][vc_column_text]Porque quedar\u00eda un archivo muy grande en cuanto a tama\u00f1o, lo que afectar\u00eda la descarga, por lo que est\u00e1n divididos en archivos de 1 hora, con un tama\u00f1o aproximado de 1 MB comprimido.[\/vc_column_text][\/vc_tta_section][vc_tta_section title=\u00bb\u00bfC\u00f3mo puedo unir los archivos RINEX a un segundo para transformarlos en una \u00fanica sesi\u00f3n?\u00bb tab_id=\u00bbpregunta3&#8243;][vc_column_text]Existe un programa denominado teqc. \u00c9ste tiene varias aplicaciones, entre ellas permite unir archivos RINEX.<\/p>\n<p>Se puede descargar desde la siguiente direcci\u00f3n: <a href=\"http:\/\/facility.unavco.org\/software\/teqc\/development\/teqc_bc.zip\">http:\/\/facility.unavco.org\/software\/teqc\/development\/teqc_bc.zip<\/a><\/p>\n<p>El procedimiento para efectuar esta labor es el siguiente:<\/p>\n<ol>\n<li>Suponiendo que los archivos RINEX se han descargado en el directorio local C:\\GNSS, habr\u00e1 que ir hasta esa carpeta y<\/li>\n<li>Luego, se deber\u00e1 colocar la aplicaci\u00f3n teqc en el mismo directorio donde se encuentren los archivos.<\/li>\n<li>Posteriormente se inicia una ventana de S\u00edmbolo de Sistema (MS-DOS). (Inicio de Windows y luego sobre Ejecutar. Se abrir\u00e1 una ventana, en la misma se deber\u00e1 escribir cmd y luego presionar la tecla Enter). En este momento se abrir\u00e1 la ventana de S\u00edmbolo de Sistema (MS-DOS).<\/li>\n<li>Luego corresponder\u00e1 dirigirse hasta la ubicaci\u00f3n en donde se han guardado los archivos descargados de REGNA-ROU en este ejemplo C:\\GNSS. Para ello debe ingresar el siguiente comando por teclado: cd c:\\gnss.<\/li>\n<li>Una vez aqu\u00ed se debe ejecutar el programa teqc. Para ello es necesario ingresar el siguiente comando, como ejemplo:<br \/>\nteqc UYRO081a.m00 UYRO081b.m00 UYRO081c.m00 &gt; UYRO0810.m00<br \/>\nteqc UYRO081a.11o UYRO081b.11o UYRO081c.11o &gt; UYRO0810.11o<br \/>\nteqc UYRO081a.11n UYRO081b.11n UYRO081c.11n &gt; UYRO0810.11n<\/li>\n<\/ol>\n<p>De este modo se habr\u00e1n unido las sesiones a, b, c.<\/p>\n<p>Es importante tener en cuenta que el orden con el cu\u00e1l se ingresan los archivos ser\u00e1 el mismo con que se unan los mismos. Tambi\u00e9n es necesario saber que el nombre de la sesi\u00f3n del archivo destino no debe coincidir con el nombre de alguna de las sesiones origen, es decir, no se podr\u00e1 colocar como sesi\u00f3n destino a, b en lugar de 0, ya que la sesi\u00f3n b es origen.<\/p>\n<p>El siguiente link es el tutorial del teqc: <a href=\"http:\/\/facility.unavco.org\/software\/teqc\/tutorial.html\">http:\/\/facility.unavco.org\/software\/teqc\/tutorial.html<\/a>[\/vc_column_text][\/vc_tta_section][\/vc_tta_accordion][\/vc_column][\/mk_page_section]\n","protected":false},"excerpt":{"rendered":"<p>[mk_page_section bg_color=\u00bb#82970d\u00bb bg_repeat=\u00bbno-repeat\u00bb bg_stretch=\u00bbtrue\u00bb video_loop=\u00bbfalse\u00bb video_color_mask=\u00bb#ffffff\u00bb video_opacity=\u00bb0&#8243; min_height=\u00bb70&#8243; padding_top=\u00bb0&#8243; padding_bottom=\u00bb0&#8243; top_shape_color=\u00bb#ffffff\u00bb top_shape_bg_color=\u00bb#ffffff\u00bb has_bottom_shape_divider=\u00bbtrue\u00bb bottom_shape_style=\u00bbspeech-bottom\u00bb bottom_shape_color=\u00bb#ffffff\u00bb bottom_shape_bg_color=\u00bb#82970d\u00bb sidebar=\u00bbsidebar-1&#8243;][vc_column][\/vc_column][\/mk_page_section][mk_page_section sidebar=\u00bbsidebar-1&#8243;][vc_column][mk_padding_divider size=\u00bb20&#8243;][vc_column_text] Preguntas frecuentes [\/vc_column_text][vc_separator color=\u00bbcustom\u00bb border_width=\u00bb2&#8243; accent_color=\u00bb#82970d\u00bb][mk_padding_divider size=\u00bb10&#8243;][vc_tta_accordion style=\u00bbflat\u00bb shape=\u00bbsquare\u00bb gap=\u00bb5&#8243; active_section=\u00bb9&#8243; no_fill=\u00bbtrue\u00bb collapsible_all=\u00bbtrue\u00bb][vc_tta_section title=\u00bbEstoy buscando un archivo RINEX y no aparece en el listado de descarga.\u00bb tab_id=\u00bbpregunta1&#8243;][vc_column_text]Motivos por los cu\u00e1les no se haya publicado un archivo. [&hellip;]<\/p>\n","protected":false},"author":5,"featured_media":0,"parent":0,"menu_order":0,"comment_status":"closed","ping_status":"closed","template":"","meta":{"footnotes":""},"class_list":["post-392","page","type-page","status-publish","hentry"],"_links":{"self":[{"href":"https:\/\/igm.gub.uy\/geoportal\/wp-json\/wp\/v2\/pages\/392","targetHints":{"allow":["GET"]}}],"collection":[{"href":"https:\/\/igm.gub.uy\/geoportal\/wp-json\/wp\/v2\/pages"}],"about":[{"href":"https:\/\/igm.gub.uy\/geoportal\/wp-json\/wp\/v2\/types\/page"}],"author":[{"embeddable":true,"href":"https:\/\/igm.gub.uy\/geoportal\/wp-json\/wp\/v2\/users\/5"}],"replies":[{"embeddable":true,"href":"https:\/\/igm.gub.uy\/geoportal\/wp-json\/wp\/v2\/comments?post=392"}],"version-history":[{"count":12,"href":"https:\/\/igm.gub.uy\/geoportal\/wp-json\/wp\/v2\/pages\/392\/revisions"}],"predecessor-version":[{"id":1222,"href":"https:\/\/igm.gub.uy\/geoportal\/wp-json\/wp\/v2\/pages\/392\/revisions\/1222"}],"wp:attachment":[{"href":"https:\/\/igm.gub.uy\/geoportal\/wp-json\/wp\/v2\/media?parent=392"}],"curies":[{"name":"wp","href":"https:\/\/api.w.org\/{rel}","templated":true}]}}